e greatest common factor of 803 and 671?
11
Calculate the highest common divisor of 1870 and 170.
170
What is the highest common divisor of 334 and 167?
167
Calculate the greatest common factor of 24 and 296.
8
Calculate the greatest common divisor of 189 and 3.
3
What is the greatest common factor of 65 and 91?
13
Calculate the greatest common divisor of 1107 and 164.
41
Calculate the greatest common factor of 6 and 118.
2
Calculate the greatest common divisor of 4548 and 12.
12
Calculate the highest common factor of 15 and 615.
15
What is the highest common factor of 117 and 78?
39
What is the highest common divisor of 667 and 116?
29
Calculate the highest common divisor of 1040 and 13.
13
Calculate the greatest common divisor of 58575 and 33.
33
What is the highest common factor of 8 and 74?
2
What is the highest common factor of 6989 and 87?
29
Calculate the highest common divisor of 36 and 36.
36
What is the greatest common factor of 360 and 1640?
40
Calculate the highest common divisor of 5236 and 1870.
374
Calculate the highest common divisor of 192 and 144.
48
Calculate the highest common divisor of 192 and 48.
48
Calculate the greatest common divisor of 9110 and 10.
10
What is the greatest common factor of 44 and 649?
11
Calculate the greatest common divisor of 171 and 7011.
171
What is the highest common divisor of 1199 and 109?
109
What is the highest common factor of 34 and 13226?
34
What is the highest common divisor of 100 and 540?
20
What is the highest common divisor of 221 and 68?
17
Calculate the greatest common factor of 10 and 310.
10
What is the greatest common factor of 93 and 3?
3
Calculate the greatest common factor of 117 and 1131.
39
Calculate the greatest common divisor of 8 and 8.
8
What is the highest common factor of 1330 and 5?
5
What is the greatest common divisor of 18 and 54?
18
What is the greatest common factor of 77 and 28?
7
What is the highest common factor of 44 and 8?
4
What is the highest common divisor of 2 and 1200?
2
What is the greatest common divisor of 175 and 4865?
35
What is the highest common divisor of 21 and 1386?
21
What is the highest common factor of 465 and 30?
15
What is the highest common divisor of 3280 and 40?
40
What is the greatest common divisor of 112 and 70?
14
Calculate the greatest common divisor of 3082 and 46.
46
What is the greatest common factor of 42 and 1561?
7
Calculate the highest common divisor of 425 and 119.
17
Calculate the greatest common divisor of 950 and 2050.
50
Calculate the highest common divisor of 3366 and 45.
9
What is the highest common divisor of 3718 and 22?
22
What is the greatest common divisor of 116 and 261?
29
What is the greatest common factor of 210 and 12999?
21
Calculate the highest common divisor of 9405 and 45.
45
What is the greatest common divisor of 585 and 11505?
195
What is the greatest common divisor of 522 and 18?
18
Calculate the greatest common factor of 791 and 226.
113
Calculate the highest common factor of 15912 and 1020.
204
Calculate the greatest common factor of 333 and 4625.
37
What is the highest common factor of 442 and 238?
34
What is the greatest common divisor of 156 and 39?
39
Calculate the greatest common factor of 3596 and 116.
116
Calculate the greatest common factor of 60 and 270.
30
Calculate the greatest common divisor of 288 and 1312.
32
Calculate the greatest common factor of 102 and 18.
6
Calculate the greatest common divisor of 2356 and 152.
76
What is the greatest common factor of 544 and 32?
32
What is the greatest common factor of 144 and 240?
48
What is the highest common divisor of 30393 and 99?
99
Calculate the highest common divisor of 248 and 31.
31
Calculate the greatest common divisor of 158 and 4.
2
Calculate the greatest common factor of 424 and 53.
53
Calculate the highest common divisor of 7 and 49.
7
What is the highest common divisor of 17000 and 17?
17
What is the highest common divisor of 355 and 5?
5
Calculate the highest common divisor of 1052 and 10.
2
Calculate the greatest common divisor of 473 and 561.
11
Calculate the highest common factor of 979 and 178.
89
What is the highest common factor of 14584 and 16?
8
Calculate the highest common factor of 264 and 330.
66
Calculate the greatest common factor of 252 and 396.
36
What is the highest common divisor of 45 and 295?
5
Calculate the highest common divisor of 30 and 96.
6
What is the highest common divisor of 368 and 2?
2
What is the greatest common factor of 160 and 560?
80
Calculate the greatest common factor of 472 and 156.
4
What is the greatest common factor of 15 and 30?
15
Calculate the highest common factor of 25 and 2.
1
What is the highest common factor of 264 and 1518?
66
What is the greatest common factor of 372 and 3999?
93
Calculate the greatest common factor of 26 and 611.
13
What is the greatest common divisor of 6 and 1038?
6
Calculate the highest common divisor of 131 and 1703.
131
Calculate the highest common divisor of 207 and 2979.
9
What is the greatest common divisor of 10 and 5990?
10
Calculate the greatest common factor of 485 and 25.
5
What is the greatest common factor of 8 and 200?
8
Calculate the greatest common divisor of 705 and 660.
15
What is the highest common divisor of 20 and 32?
4
What is the greatest common divisor of 9960 and 160?
40
Calculate the greatest common divisor of 440 and 1000.
40
What is the highest common factor of 550 and 500?
50
Calculate the highest common divisor of 47 and 1739.
47
What is the highest common divisor of 4642 and 633?
211
Calculate the highest common divisor of 135 and 315.
45
Calculate the highest common divisor of 13 and 39.
13
What is the greatest common factor of 19578 and 26?
26
Calculate the highest common factor of 621 and 92.
23
What is the highest common factor of 323 and 102?
17
What is the highest common divisor of 13563 and 44?
11
What is the greatest common factor of 5159 and 67?
67
Calculate the highest common divisor of 222 and 814.
74
Calculate the highest common divisor of 891 and 216.
27
Calculate the highest common divisor of 360 and 840.
120
Calculate the highest common divisor of 612 and 68.
68
What is the highest common factor of 50 and 10?
10
Calculate the greatest common divisor of 156 and 3224.
52
What is the greatest common factor of 203 and 21?
7
What is the highest common divisor of 480 and 64?
32
Calculate the greatest common divisor of 80 and 15.
5
What is the greatest common divisor of 610 and 310?
10
What is the greatest common divisor of 42 and 294?
42
Calculate the greatest common divisor of 6 and 426.
6
What is the highest common divisor of 38391 and 402?
201
What is the highest common factor of 8 and 1?
1
Calculate the greatest common factor of 498 and 6.
6
What is the highest common divisor of 738 and 82?
82
What is the greatest common factor of 682 and 2?
2
What is the greatest common divisor of 12460 and 700?
140
Calculate the highest common factor of 1148 and 2460.
164
Calculate the highest common divisor of 9252 and 36.
36
What is the highest common factor of 50 and 970?
10
What is the highest common divisor of 1240 and 31?
31
Calculate the greatest common divisor of 20 and 5620.
20
What is the highest common divisor of 14663 and 215?
43
What is the greatest common factor of 27 and 243?
27
Calculate the greatest common factor of 414 and 782.
46
What is the greatest common factor of 214 and 749?
107
Calculate the highest common factor of 45 and 140.
5
What is the greatest common factor of 24 and 936?
24
Calculate the greatest common divisor of 4 and 76.
4
What is the greatest common factor of 4910 and 170?
10
What is the greatest common factor of 260 and 1170?
130
What is the highest common divisor of 1504 and 47?
47
Calculate the greatest common divisor of 3807 and 94.
47
Calculate the greatest common factor of 117 and 18.
9
What is the greatest common divisor of 21 and 3339?
21
What is the greatest common divisor of 36 and 72?
36
Calculate the greatest common factor of 93 and 62.
31
What is the highest common divisor of 600 and 4275?
75
Calculate the greatest common divisor of 1222 and 1034.
94
What is the greatest common divisor of 2678 and 26?
26
Calculate the highest common factor of 294 and 252.
42
Calculate the grea